86288 = -17*t. Is t a composite number?
False
Let r = 228 - 197. Suppose b = d - 16045, -48107 = 28*d - r*d - 4*b. Is d prime?
False
Let h(k) = k**3 + 14*k**2 - k - 19. Let n be h(-14). Let v(z) = z + 21. Let w be v(n). Is 4/w - (-4)/(16/2523) a composite number?
False
Let x(k) = -218*k**2 + 5*k - 27. Let o be x(5). Is (o/(0 - 2))/(-8 + 10) a prime number?
False
Suppose -8 = 2*h, 28*g + 3*h = 26*g + 30098. Is g a composite number?
True
Let a(y) = 2062*y**2 + 3*y - 38. Is a(7) a prime number?
True
Let c be 54/162*((-2)/(-2) - 1). Suppose c = -y - 4510 + 14015. Is y a prime number?
False
Let r be (-94)/282 - 31/(-3). Let u(x) = 246*x**2 + 6*x - 61. Is u(r) composite?
True
Suppose 58412 = -115*y + 132*y. Suppose -y = -8*m + 7308. Is m composite?
True
Let l(n) = -49*n**2 - 4*n + 4. Let v be l(4). Let d = v - -2057. Suppose 2*s = 3037 + d. Is s composite?
True
Let r(z) = -z**3 + 20*z**2 - 26*z + 72. Is r(17) composite?
True
Let b = -257 + 167. Let q = -85 - b. Suppose q*h - 3775 = 1190. Is h a composite number?
True
Is (197 + -18)/(6/2658) composite?
True
Let y be 4 + (-85)/15 - (-76)/6. Suppose 0 = -4*d - n + 12621, 9460 = y*d - 8*d - 5*n. Is d prime?
False
Suppose -30*z + 363580 + 1985810 = 0. Is z a prime number?
False
Let l(m) = -7*m**2 - 3*m + 8. Let r be 2 - (4/(-14) + (-2)/(-7)). Let h be l(r). Let a = h + 135. Is a prime?
True
Let u(g) = 2*g**3 - 70*g**2 - 30*g + 90. Let y be u(34). Let v = -1983 - y. Is v prime?
True
Let t = 11 + 11. Suppose m - t = 2*r, 2*r = 5*m + 6*r - 54. Suppose 9*w + 3235 = m*w. Is w composite?
False
Suppose 0 = 171*d - 167*d - 24. Is ((-4)/(-8))/(d/24612) prime?
False
Let c = -98 + 103. Suppose 0 = -c*u - 20, r + 3*u + 8347 = 6*r. Let w = -30 + r. Is w composite?
False
Let l(m) = 16*m - 35. Suppose -2*q - 17 + 61 = 0. Is l(q) a prime number?
True
Suppose -5*j - 6410 = 4*w, 4*j - 3199 = 2*w + 19. Suppose 0*q = -4*q - 4256. Let t = q - w. Is t a composite number?
False
Let k(r) = 5*r - 115. Let w be k(24). Suppose -w*b + a = -2*a - 1766, b - 349 = 2*a. Is b a composite number?
True
Let n(u) = u - 2. Let j be n(-2). Let y(q) = q**3 + q**2 - 13*q - 4. Let w be y(j). Suppose 6*p + w*p = 1338. Is p prime?
True
Let j = 11070 - -4487. Is j a composite number?
True
Let y be -2 + -2308 + 0 + -4. Let f be (-6)/(-1 - 2312/y). Suppose 5*o = 3*u - 2035 + 10706, -5*u - f = -4*o. Is o composite?
False
Suppose -3*m = -5*r - 8, -r + m + 4 = -m. Let h be ((-25)/15)/(r/(-6) - 1). Suppose -37 = -h*x + 2458. Is x a composite number?
False
Let f be (-2)/2 - (-55 - 2). Let x(m) = -m**3 - m**2 + m + 1479. Let g be x(0). Suppose -5*v + f = -g. Is v a prime number?
True
Let s(n) = -4*n**2 - 22*n - 14. Let q be s(-5). Is ((-10684)/(-8))/(2*q/(-16)) a prime number?
True
Suppose 0 = p - n - 34, 222 - 12 = 5*p + 3*n. Suppose 1438824 = p*x - 15*x. Is x prime?
True
Is ((-36)/(-69))/6 - 19608981/(-161) prime?
False
Is 14/56 + (-132366)/(-8) prime?
False
Suppose 5*m = -t + 103, -4*t = -4*m - 6*t + 86. Let b(o) = 263*o - 33. Is b(m) composite?
False
Suppose 6*s = -14*s + 40. Is -1151*50/(-40) - s/(-8) a prime number?
True
Let y(m) be the third derivative of -12247*m**6/120 + m**5/30 - m**3/3 - 141*m**2. Is y(-1) prime?
False
Let l = -68143 + 206136. Is l a composite number?
False
Let r be 8/(-12)*23649 + 0. Is (-1)/((1/r)/(2/4)) prime?
True
Let c(s) = -6*s - 63. Let j be c(-9). Let y(k) = -8*k**3 - 2*k**2 - 8*k + 5. Is y(j) prime?
False
Let f = 14663 - -34298. Is f composite?
True
Let b(f) = -13*f**3 + 7*f**2 - 76*f - 301. Is b(-15) a prime number?
False
Suppose -5*o - 48049 = -3*b, -3*b - 7023 - 2594 = o. Let s = o + 17322. Is s a prime number?
False
Let z = 41 + -38. Suppose 0 = -2*j + 6, 2*j = -z*q + 6*j + 2874. Suppose q = -35*h + 37*h. Is h a prime number?
False
Is (-10 - (-455406)/(-8))/((-1)/4) a composite number?
False
Is 5*((-4898402)/(-575))/(4/10) a prime number?
True
Is 3*((-30)/9)/(-5)*(-9166)/(-4) composite?
False
Suppose 11*j - 335952 = -5*j. Suppose 8*b + j = 17*b. Is b a composite number?
False
Let m = 105 + -77. Suppose -4*k + 2*k + m = 0. Is ((-2)/3)/(k/(-5439)) a prime number?
False
Let w be (-4)/30 - 5/((-150)/4). Suppose 3*y + w*y - 2*f - 7005 = 0, 0 = -y - f + 2330. Is y composite?
False
Suppose -p - 544614 = -10*p - 5*p. Is p composite?
True
Let y = 5620 - 4121. Is y a prime number?
True
Suppose 13*x - 2669082 - 1170559 = 0. Is x a composite number?
False
Suppose -5*z + 3*z = -p - 2597, p - 5209 = -4*z. Suppose -5*w + 1144 = -z. Let u = 4 + w. Is u composite?
True
Let b(w) = 17422*w**2 + 169*w + 857. Is b(-5) prime?
False
Let n(h) = 79*h**2 - 8 + 2*h - h + 3*h - 2*h. Let x be n(3). Let u = x + -504. Is u a composite number?
True
Let w(r) = 155*r + 74 + 153*r - 285*r. Is w(15) composite?
False
Let k be 6/(-18)*3498/(-2). Let f(i) = -i + 5. Let l be f(3). Suppose n + k = l*n. Is n a composite number?
True
Let p(s) = -706*s + 101. Let u be p(10). Let d = u + 12372. Is d a prime number?
True
Suppose 52 = -4*c + 3*y, c - 5*y = 3*c. Let x(z) = 7 + z + 124*z**2 + z**3 - 67*z**2 + z - 45*z**2. Is x(c) prime?
False
Let d(i) be the second derivative of i**5/4 - i**4/6 + i**2/2 - 21*i. Let k be d(-1). Is 4*k/(-8) + 570 prime?
False
Is -7 + (4 + -8 - -12) + 267048 composite?
False
Suppose 5*u - 602483 = 4*k, -3*u - 231*k + 228*k + 361533 = 0. Is u prime?
True
Let o(z) = -z**2 + 7*z - 5. Let a be o(6). Let i(n) be the third derivative of 109*n**4/8 + n**3/3 + 17*n**2 + 8*n. Is i(a) prime?
False
Let n(s) = -12093*s + 3. Let m(a) = 60465*a - 19. Let h(i) = -2*m(i) - 11*n(i). Is h(2) composite?
True
Let x(p) = -2*p**3 + 12*p**2 - 6*p + 10. Let y be x(5). Is 6/(y/22987) + (-6)/15 a composite number?
False
Suppose 99*o - 4321829 - 5262229 = -639705. Is o a composite number?
True
Let j(o) be the second derivative of -9*o**5/10 - 7*o**4/3 - 11*o**3/6 + 11*o**2/2 - 8*o + 14. Is j(-12) a prime number?
False
Let y(k) = k**3 + 49*k**2 + 6*k + 1. Let x be y(-21). Suppose -4*w = -x + 147. Is w a prime number?
True
Suppose 147 = -6*v + 243. Suppose 57919 + 42801 = v*j. Is j a prime number?
False
Let v = 168540 + -91111. Is v a prime number?
False
Let i = 98058 + 16535. Is i prime?
True
Let o = 3303 - 1638. Suppose 0 = 5*h - 887 + 5527. Let q = h + o. Is q a composite number?
True
Suppose -16*h = -11*h - 150. Suppose 2*u - 3*d - 2*d - h = 0, 0 = u + 5*d + 15. Suppose -u*b = 3*x - 568, 4*b + 79 = 3*x - 498. Is x a prime number?
True
Let j(q) = -5*q + 86. Let p be j(15). Suppose p*i + 1070 - 26733 = 0. Is i a composite number?
False
Let u(y) = 71*y**3 - y. Let a be u(-2). Let j = a - -1703. Is j a composite number?
True
Let z = 939 - -15628. Is z a composite number?
False
Let h(o) = -6114*o - 691. Is h(-8) a composite number?
False
Let j(z) be the third derivative of z**6/120 + 13*z**5/30 - 11*z**3/2 - 3*z**2 + 2. Is j(-22) a prime number?
False
Is (5 - (-2315866)/(-7))*1/(-1) a prime number?
False
Suppose 48*m - 5*q + 500725 = 53*m, -3*m = -4*q - 300407. Is m prime?
False
Let u be (4 - 7)/1 + -17 + -4. Let k be (6296/u)/(2/(-84)). Suppose 9*l - 11*l + k = 0. Is l a prime number?
False
Is (-236163 + 0)/(31/((-496)/48)) prime?
True
Let c be (-2)/11 + (-225)/33. Is (1 + (-29530)/15)*(c + 4) a composite number?
False
Suppose 0 = 2*u - 41 - 9. Let h(q) = 294*q - 17 + 43 - u. Is h(2) prime?
False
Let c = -220 + 225. Suppose 3*q + 20674 = 4*z, 2*z + c*q - 10326 = q. Is z a composite number?
False
Let h(d) = 4*d**2 + 9 - 2*d**2 - d + 7 - 20. Let j = -34 - -28. Is h(j) composite?
True
Suppose 2*q + 728 = -12*q. Is 1/(q/(-104980)) - (-4)/26 composite?
True
Suppose -3*c = -18, -8*l - 3*c - 2085876 = -14*l. Is l prime?
False
Let k be (822/24)/((-2)/(-8)). Let b = 313 - k. Suppose 2*p = b + 222. Is p a prime number?
True
Let k = 348431 + 709790. Is k a prime number?
True
Suppose 1557322 = -4*m + 5*b + 5104286, 0 = -3*m - 4*b + 2660223. Is m a prime number?
True
Let v(a) = 355*a**2 + 232*a - 1837. Is v(8) composite?
False
Let i = 73745 - 37229. Let o = i - 24059. Is o a prime number?
True
Let p(b) = -b**3 + 4*b**2 + 8*b - 11. Let k be p(5). Suppose -15 + 7 = -k*u. Is (-58)/(60/(-29) + u) prime?
False
Suppose 2*k = 4*f - 10373 - 49703, -2*k + 75104 = 5*f. Suppose 6*r = 1294 + f. Is r prime?
True
Let z(x) = 2*x**2 - 3*x - 3. Let d be z(3). Suppose -d + 81 = -5*v. Is 